{"id":35,"date":"2026-02-23T20:38:20","date_gmt":"2026-02-23T20:38:20","guid":{"rendered":"https:\/\/bio-etre-energetique.fr\/?page_id=35"},"modified":"2026-03-04T18:45:09","modified_gmt":"2026-03-04T18:45:09","slug":"elementor-35","status":"publish","type":"page","link":"https:\/\/bio-etre-energetique.fr\/","title":{"rendered":"Accueil"},"content":{"rendered":"\t\t<div data-elementor-type=\"wp-page\" data-elementor-id=\"35\" class=\"elementor elementor-35\">\n\t\t\t\t<div class=\"elementor-element elementor-element-8ec34a8 e-flex e-con-boxed e-con e-parent\" data-id=\"8ec34a8\" data-element_type=\"container\" data-e-type=\"container\">\n\t\t\t\t\t<div class=\"e-con-inner\">\n\t\t\t\t<div class=\"elementor-element elementor-element-6b66d3e elementor-widget elementor-widget-heading\" data-id=\"6b66d3e\" data-element_type=\"widget\" data-e-type=\"widget\" data-widget_type=\"heading.default\">\n\t\t\t\t\t<h2 class=\"elementor-heading-title elementor-size-default\">Pour \u00catre Soi<\/h2>\t\t\t\t<\/div>\n\t\t\t\t\t<\/div>\n\t\t\t\t<\/div>\n\t\t<div class=\"elementor-element elementor-element-82bc1aa e-flex e-con-boxed e-con e-parent\" data-id=\"82bc1aa\" data-element_type=\"container\" data-e-type=\"container\">\n\t\t\t\t\t<div class=\"e-con-inner\">\n\t\t<div class=\"elementor-element elementor-element-2d3f862 e-con-full e-flex e-con e-child\" data-id=\"2d3f862\" data-element_type=\"container\" data-e-type=\"container\">\n\t\t\t\t<div class=\"elementor-element elementor-element-5d73e81 elementor-widget elementor-widget-image\" data-id=\"5d73e81\" data-element_type=\"widget\" data-e-type=\"widget\" data-widget_type=\"image.default\">\n\t\t\t\t\t\t\t\t\t\t\t\t\t\t\t<img fetchpriority=\"high\" decoding=\"async\" width=\"615\" height=\"600\" src=\"https:\/\/bio-etre-energetique.fr\/wp-content\/uploads\/2026\/02\/IMG_4683-e1771884635260.jpg\" class=\"attachment-medium_large size-medium_large wp-image-79\" alt=\"Soins \u00e9nerg\u00e9tiques Saint-Pierre Quiberon\" srcset=\"https:\/\/bio-etre-energetique.fr\/wp-content\/uploads\/2026\/02\/IMG_4683-e1771884635260.jpg 615w, https:\/\/bio-etre-energetique.fr\/wp-content\/uploads\/2026\/02\/IMG_4683-e1771884635260-300x293.jpg 300w\" sizes=\"(max-width: 615px) 100vw, 615px\" \/>\t\t\t\t\t\t\t\t\t\t\t\t\t\t\t<\/div>\n\t\t\t\t<\/div>\n\t\t<div class=\"elementor-element elementor-element-7868352 e-con-full e-flex e-con e-child\" data-id=\"7868352\" data-element_type=\"container\" data-e-type=\"container\">\n\t\t\t\t<div class=\"elementor-element elementor-element-2296db6 elementor-widget elementor-widget-text-editor\" data-id=\"2296db6\" data-element_type=\"widget\" data-e-type=\"widget\" data-widget_type=\"text-editor.default\">\n\t\t\t\t\t\t\t\t\t<h2 style=\"color: #3b6484; font-family: 'Archivo Narrow', sans-serif; font-size: 28px; text-align: center;\">Apaiser \u2022 Lib\u00e9rer \u2022 Harmoniser<\/h2><div>\u00a0<\/div><p style=\"color: #3b6484; font-family: 'Archivo Narrow', sans-serif; font-size: 16px; margin-bottom: 0;\">Stress, blocages \u00e9motionnels, peurs, mal-\u00eatre, se lib\u00e9rer de mauvaises habitudes, fatigue\u2026<\/p><p style=\"color: #3b6484; font-family: 'Archivo Narrow', sans-serif; font-size: 16px;\">Retrouvez votre \u00e9quilibre int\u00e9rieur et lib\u00e9rez ce qui vous p\u00e8se.<br \/>Je vous accompagne vers un mieux-\u00eatre profond \u00e0 travers une approche psycho-\u00e9nerg\u00e9tique unique, en vous recevant, depuis 2013, dans mon cabinet, \u00e0 Saint-Pierre Quiberon, ou par t\u00e9l\u00e9phone \u00e0 distance.<\/p>\t\t\t\t\t\t\t\t<\/div>\n\t\t\t\t<div class=\"elementor-element elementor-element-15692a8 elementor-align-center elementor-widget elementor-widget-button\" data-id=\"15692a8\" data-element_type=\"widget\" data-e-type=\"widget\" data-widget_type=\"button.default\">\n\t\t\t\t\t\t\t\t\t\t<a class=\"elementor-button elementor-button-link elementor-size-sm\" href=\"tel:0664152269\">\n\t\t\t\t\t\t<span class=\"elementor-button-content-wrapper\">\n\t\t\t\t\t\t\t\t\t<span class=\"elementor-button-text\">Prendre un rendez-vous<\/span>\n\t\t\t\t\t<\/span>\n\t\t\t\t\t<\/a>\n\t\t\t\t\t\t\t\t<\/div>\n\t\t\t\t<\/div>\n\t\t\t\t\t<\/div>\n\t\t\t\t<\/div>\n\t\t\t\t<\/div>\n\t\t","protected":false},"excerpt":{"rendered":"<p>Pour \u00catre Soi Apaiser \u2022 Lib\u00e9rer \u2022 Harmoniser \u00a0 Stress, blocages \u00e9motionnels, peurs, mal-\u00eatre, se lib\u00e9rer de mauvaises habitudes, fatigue\u2026 [&hellip;]<\/p>\n","protected":false},"author":1,"featured_media":0,"parent":0,"menu_order":0,"comment_status":"closed","ping_status":"closed","template":"","meta":{"site-sidebar-layout":"no-sidebar","site-content-layout":"","ast-site-content-layout":"full-width-container","site-content-style":"default","site-sidebar-style":"default","ast-global-header-display":"","ast-banner-title-visibility":"","ast-main-header-display":"","ast-hfb-above-header-display":"","ast-hfb-below-header-display":"","ast-hfb-mobile-header-display":"","site-post-title":"disabled","ast-breadcrumbs-content":"","ast-featured-img":"disabled","footer-sml-layout":"","ast-disable-related-posts":"","theme-transparent-header-meta":"","adv-header-id-meta":"","stick-header-meta":"","header-above-stick-meta":"","header-main-stick-meta":"","header-below-stick-meta":"","astra-migrate-meta-layouts":"default","ast-page-background-enabled":"default","ast-page-background-meta":{"desktop":{"background-color":"var(--ast-global-color-5)","background-image":"","background-repeat":"repeat","background-position":"center center","background-size":"auto","background-attachment":"scroll","background-type":"","background-media":"","overlay-type":"","overlay-color":"","overlay-opacity":"","overlay-gradient":""},"tablet":{"background-color":"","background-image":"","background-repeat":"repeat","background-position":"center center","background-size":"auto","background-attachment":"scroll","background-type":"","background-media":"","overlay-type":"","overlay-color":"","overlay-opacity":"","overlay-gradient":""},"mobile":{"background-color":"","background-image":"","background-repeat":"repeat","background-position":"center center","background-size":"auto","background-attachment":"scroll","background-type":"","background-media":"","overlay-type":"","overlay-color":"","overlay-opacity":"","overlay-gradient":""}},"ast-content-background-meta":{"desktop":{"background-color":"var(--ast-global-color-4)","background-image":"","background-repeat":"repeat","background-position":"center center","background-size":"auto","background-attachment":"scroll","background-type":"","background-media":"","overlay-type":"","overlay-color":"","overlay-opacity":"","overlay-gradient":""},"tablet":{"background-color":"var(--ast-global-color-4)","background-image":"","background-repeat":"repeat","background-position":"center center","background-size":"auto","background-attachment":"scroll","background-type":"","background-media":"","overlay-type":"","overlay-color":"","overlay-opacity":"","overlay-gradient":""},"mobile":{"background-color":"var(--ast-global-color-4)","background-image":"","background-repeat":"repeat","background-position":"center center","background-size":"auto","background-attachment":"scroll","background-type":"","background-media":"","overlay-type":"","overlay-color":"","overlay-opacity":"","overlay-gradient":""}},"footnotes":""},"class_list":["post-35","page","type-page","status-publish","hentry"],"_links":{"self":[{"href":"https:\/\/bio-etre-energetique.fr\/index.php\/wp-json\/wp\/v2\/pages\/35","targetHints":{"allow":["GET"]}}],"collection":[{"href":"https:\/\/bio-etre-energetique.fr\/index.php\/wp-json\/wp\/v2\/pages"}],"about":[{"href":"https:\/\/bio-etre-energetique.fr\/index.php\/wp-json\/wp\/v2\/types\/page"}],"author":[{"embeddable":true,"href":"https:\/\/bio-etre-energetique.fr\/index.php\/wp-json\/wp\/v2\/users\/1"}],"replies":[{"embeddable":true,"href":"https:\/\/bio-etre-energetique.fr\/index.php\/wp-json\/wp\/v2\/comments?post=35"}],"version-history":[{"count":85,"href":"https:\/\/bio-etre-energetique.fr\/index.php\/wp-json\/wp\/v2\/pages\/35\/revisions"}],"predecessor-version":[{"id":458,"href":"https:\/\/bio-etre-energetique.fr\/index.php\/wp-json\/wp\/v2\/pages\/35\/revisions\/458"}],"wp:attachment":[{"href":"https:\/\/bio-etre-energetique.fr\/index.php\/wp-json\/wp\/v2\/media?parent=35"}],"curies":[{"name":"wp","href":"https:\/\/api.w.org\/{rel}","templated":true}]}}