{"id":91,"date":"2026-02-23T23:14:25","date_gmt":"2026-02-23T23:14:25","guid":{"rendered":"https:\/\/bio-etre-energetique.fr\/?page_id=91"},"modified":"2026-03-04T18:21:38","modified_gmt":"2026-03-04T18:21:38","slug":"mes-techniques","status":"publish","type":"page","link":"https:\/\/bio-etre-energetique.fr\/index.php\/mes-techniques\/","title":{"rendered":"Techniques"},"content":{"rendered":"\t\t<div data-elementor-type=\"wp-page\" data-elementor-id=\"91\" class=\"elementor elementor-91\">\n\t\t\t\t<div class=\"elementor-element elementor-element-f69880e e-flex e-con-boxed e-con e-parent\" data-id=\"f69880e\" data-element_type=\"container\" data-e-type=\"container\">\n\t\t\t\t\t<div class=\"e-con-inner\">\n\t\t\t\t<div class=\"elementor-element elementor-element-0dda27d elementor-widget elementor-widget-heading\" data-id=\"0dda27d\" data-element_type=\"widget\" data-e-type=\"widget\" data-widget_type=\"heading.default\">\n\t\t\t\t\t<h2 class=\"elementor-heading-title elementor-size-default\">Techniques de soins<br><\/h2>\t\t\t\t<\/div>\n\t\t\t\t\t<\/div>\n\t\t\t\t<\/div>\n\t\t<div class=\"elementor-element elementor-element-adb79b5 e-flex e-con-boxed e-con e-parent\" data-id=\"adb79b5\" data-element_type=\"container\" data-e-type=\"container\">\n\t\t\t\t\t<div class=\"e-con-inner\">\n\t\t<div class=\"elementor-element elementor-element-a053b9a e-con-full e-flex e-con e-child\" data-id=\"a053b9a\" data-element_type=\"container\" data-e-type=\"container\">\n\t\t\t\t<div class=\"elementor-element elementor-element-df7427f elementor-widget elementor-widget-image\" data-id=\"df7427f\" data-element_type=\"widget\" data-e-type=\"widget\" data-widget_type=\"image.default\">\n\t\t\t\t\t\t\t\t\t\t\t\t\t\t\t<img fetchpriority=\"high\" decoding=\"async\" width=\"300\" height=\"299\" src=\"https:\/\/bio-etre-energetique.fr\/wp-content\/uploads\/2026\/02\/Sable.jpeg\" class=\"attachment-large size-large wp-image-214\" alt=\"\" srcset=\"https:\/\/bio-etre-energetique.fr\/wp-content\/uploads\/2026\/02\/Sable.jpeg 300w, https:\/\/bio-etre-energetique.fr\/wp-content\/uploads\/2026\/02\/Sable-150x150.jpeg 150w\" sizes=\"(max-width: 300px) 100vw, 300px\" \/>\t\t\t\t\t\t\t\t\t\t\t\t\t\t\t<\/div>\n\t\t\t\t<\/div>\n\t\t<div class=\"elementor-element elementor-element-8725943 e-con-full e-flex e-con e-child\" data-id=\"8725943\" data-element_type=\"container\" data-e-type=\"container\">\n\t\t\t\t<div class=\"elementor-element elementor-element-0ae7f3c elementor-widget elementor-widget-text-editor\" data-id=\"0ae7f3c\" data-element_type=\"widget\" data-e-type=\"widget\" data-widget_type=\"text-editor.default\">\n\t\t\t\t\t\t\t\t\t<h4 style=\"color: #3b6484; font-family: 'Archivo Narrow', sans-serif; font-size: 20px; margin-top: 30px; text-align: center;\">Reiki Usui<\/h4><p style=\"color: #3b6484; font-family: 'Archivo Narrow', sans-serif; font-size: 16px; margin-top: 5px; text-align: center;\">Le reiki est une technique th\u00e9rapeutique d&rsquo;origine japonaise bas\u00e9e sur la transmission d&rsquo;\u00e9nergie par imposition des mains. Il permet de soulager aussi bien les souffrances physiques que psychologiques. Il fortifie le corps et l&rsquo;esprit, en r\u00e9\u00e9quilibrant les chakras, restaure l&rsquo;harmonie et le bien-\u00eatre spirituel, \u00e9quilibre la circulation de l&rsquo;\u00e9nergie dans le corps, dissout les blocages et nettoie le corps. <span style=\"font-size: 16px; font-style: inherit;\">Le reiki permet aussi de travailler sur des situations pass\u00e9es ou futures, et d&rsquo;accompagner les d\u00e9funts.<\/span><\/p>\t\t\t\t\t\t\t\t<\/div>\n\t\t\t\t<div class=\"elementor-element elementor-element-4ba6d65 elementor-align-center elementor-widget elementor-widget-button\" data-id=\"4ba6d65\" data-element_type=\"widget\" data-e-type=\"widget\" data-widget_type=\"button.default\">\n\t\t\t\t\t\t\t\t\t\t<a class=\"elementor-button elementor-button-link elementor-size-sm\" href=\"#\">\n\t\t\t\t\t\t<span class=\"elementor-button-content-wrapper\">\n\t\t\t\t\t\t\t\t\t<span class=\"elementor-button-text\">Plus d'infos<\/span>\n\t\t\t\t\t<\/span>\n\t\t\t\t\t<\/a>\n\t\t\t\t\t\t\t\t<\/div>\n\t\t\t\t<\/div>\n\t\t\t\t\t<\/div>\n\t\t\t\t<\/div>\n\t\t<div class=\"elementor-element elementor-element-4293fdc e-flex e-con-boxed e-con e-parent\" data-id=\"4293fdc\" data-element_type=\"container\" data-e-type=\"container\">\n\t\t\t\t\t<div class=\"e-con-inner\">\n\t\t<div class=\"elementor-element elementor-element-3979db6 e-con-full e-flex e-con e-child\" data-id=\"3979db6\" data-element_type=\"container\" data-e-type=\"container\">\n\t\t\t\t<div class=\"elementor-element elementor-element-1fe175e elementor-widget elementor-widget-image\" data-id=\"1fe175e\" data-element_type=\"widget\" data-e-type=\"widget\" data-widget_type=\"image.default\">\n\t\t\t\t\t\t\t\t\t\t\t\t\t\t\t<img decoding=\"async\" width=\"300\" height=\"300\" src=\"https:\/\/bio-etre-energetique.fr\/wp-content\/uploads\/2026\/02\/Flamme.jpeg\" class=\"attachment-large size-large wp-image-213\" alt=\"\" srcset=\"https:\/\/bio-etre-energetique.fr\/wp-content\/uploads\/2026\/02\/Flamme.jpeg 300w, https:\/\/bio-etre-energetique.fr\/wp-content\/uploads\/2026\/02\/Flamme-150x150.jpeg 150w\" sizes=\"(max-width: 300px) 100vw, 300px\" \/>\t\t\t\t\t\t\t\t\t\t\t\t\t\t\t<\/div>\n\t\t\t\t<\/div>\n\t\t<div class=\"elementor-element elementor-element-0bc0eb8 e-con-full e-flex e-con e-child\" data-id=\"0bc0eb8\" data-element_type=\"container\" data-e-type=\"container\">\n\t\t\t\t<div class=\"elementor-element elementor-element-777a9d0 elementor-widget elementor-widget-text-editor\" data-id=\"777a9d0\" data-element_type=\"widget\" data-e-type=\"widget\" data-widget_type=\"text-editor.default\">\n\t\t\t\t\t\t\t\t\t<h4 style=\"color: #3b6484; font-family: 'Archivo Narrow', sans-serif; font-size: 20px; margin-top: 30px; text-align: center;\">Soin \u00e9nerg\u00e9tique<\/h4><p style=\"color: #3b6484; font-family: 'Archivo Narrow', sans-serif; font-size: 16px; margin-top: 5px; text-align: center;\">Le soin visera \u00e0 effectuer un nettoyage \u00e9nerg\u00e9tique afin de lever les blocages, r\u00e9\u00e9quilibrer, relancer la circulation \u00e9nerg\u00e9tique et l&rsquo;harmoniser. Il permettra de renforcer les processus d&rsquo;auto-r\u00e9paration et d&rsquo;auto-gu\u00e9rison du corps. Certaines pri\u00e8res peuvent \u00eatre utilis\u00e9es, comme celles pour les verrues ou les vers. La \u00ab\u00a0pri\u00e8re du feu\u00a0\u00bb agit sur les br\u00fblures, les zonas, la radioth\u00e9rapie et la plupart des maux inflammatoires dont le nom finit par \u00ab\u00a0&#8230;ite\u00a0\u00bb (exemple : tendinite&#8230;). Il est possible aussi d&rsquo;effacer les \u00ab\u00a0m\u00e9moires karmiques\u00a0\u00bb, c&rsquo;est-\u00e0-dire les \u00e9v\u00e9nements d\u00e9sagr\u00e9ables qui ne cessent de se r\u00e9p\u00e9ter dans votre vie.<\/p>\t\t\t\t\t\t\t\t<\/div>\n\t\t\t\t<div class=\"elementor-element elementor-element-7d7adf8 elementor-align-center elementor-widget elementor-widget-button\" data-id=\"7d7adf8\" data-element_type=\"widget\" data-e-type=\"widget\" data-widget_type=\"button.default\">\n\t\t\t\t\t\t\t\t\t\t<a class=\"elementor-button elementor-button-link elementor-size-sm\" href=\"#\">\n\t\t\t\t\t\t<span class=\"elementor-button-content-wrapper\">\n\t\t\t\t\t\t\t\t\t<span class=\"elementor-button-text\">Plus d'infos<\/span>\n\t\t\t\t\t<\/span>\n\t\t\t\t\t<\/a>\n\t\t\t\t\t\t\t\t<\/div>\n\t\t\t\t<\/div>\n\t\t\t\t\t<\/div>\n\t\t\t\t<\/div>\n\t\t<div class=\"elementor-element elementor-element-ad2ba7f e-flex e-con-boxed e-con e-parent\" data-id=\"ad2ba7f\" data-element_type=\"container\" data-e-type=\"container\">\n\t\t\t\t\t<div class=\"e-con-inner\">\n\t\t<div class=\"elementor-element elementor-element-8240feb e-con-full e-flex e-con e-child\" data-id=\"8240feb\" data-element_type=\"container\" data-e-type=\"container\">\n\t\t\t\t<div class=\"elementor-element elementor-element-90f58a9 elementor-widget elementor-widget-image\" data-id=\"90f58a9\" data-element_type=\"widget\" data-e-type=\"widget\" data-widget_type=\"image.default\">\n\t\t\t\t\t\t\t\t\t\t\t\t\t\t\t<img decoding=\"async\" width=\"300\" height=\"300\" src=\"https:\/\/bio-etre-energetique.fr\/wp-content\/uploads\/2026\/02\/Leau-qui-coule.jpeg\" class=\"attachment-large size-large wp-image-212\" alt=\"Pr\u00e9natoth\u00e9rapie massage m\u00e9tamorphique Saint-Pierre Quiberon\" srcset=\"https:\/\/bio-etre-energetique.fr\/wp-content\/uploads\/2026\/02\/Leau-qui-coule.jpeg 300w, https:\/\/bio-etre-energetique.fr\/wp-content\/uploads\/2026\/02\/Leau-qui-coule-150x150.jpeg 150w\" sizes=\"(max-width: 300px) 100vw, 300px\" \/>\t\t\t\t\t\t\t\t\t\t\t\t\t\t\t<\/div>\n\t\t\t\t<\/div>\n\t\t<div class=\"elementor-element elementor-element-ccc8e7b e-con-full e-flex e-con e-child\" data-id=\"ccc8e7b\" data-element_type=\"container\" data-e-type=\"container\">\n\t\t\t\t<div class=\"elementor-element elementor-element-d9cbf29 elementor-widget elementor-widget-text-editor\" data-id=\"d9cbf29\" data-element_type=\"widget\" data-e-type=\"widget\" data-widget_type=\"text-editor.default\">\n\t\t\t\t\t\t\t\t\t<h4 style=\"color: #3b6484; font-family: 'Archivo Narrow', sans-serif; font-size: 20px; 0px; margin-top: 30px; text-align: center;\">Pr\u00e9natoth\u00e9rapie<\/h4><p style=\"color: #3b6484; font-family: 'Archivo Narrow', sans-serif; font-size: 16px; margin-top: 5px; text-align: center;\">C&rsquo;est une th\u00e9rapie pr\u00e9natale, un retour arri\u00e8re pour un autre futur&#8230; Le massage m\u00e9tamorphique pourrait se r\u00e9sumer ainsi. Entendez \u00ab\u00a0le passage de la chrysalide au papillon\u00a0\u00bb, une m\u00e9tamorphose rendue possible par une lev\u00e9e de blocages subconscients tirant sa source lors de la gestation ou de l&rsquo;accouchement. Douleurs chroniques, insomnies, comportements pathologiques (enfants hyperactifs) et stress peuvent s&rsquo;en trouver soulag\u00e9s. Sans oublier un but plus ambitieux : harmoniser tout son \u00eatre \u00ab\u00a0afin qu&rsquo;il devienne qui il est\u00a0\u00bb.<\/p>\t\t\t\t\t\t\t\t<\/div>\n\t\t\t\t<div class=\"elementor-element elementor-element-a1b1806 elementor-align-center elementor-widget elementor-widget-button\" data-id=\"a1b1806\" data-element_type=\"widget\" data-e-type=\"widget\" data-widget_type=\"button.default\">\n\t\t\t\t\t\t\t\t\t\t<a class=\"elementor-button elementor-button-link elementor-size-sm\" href=\"#\">\n\t\t\t\t\t\t<span class=\"elementor-button-content-wrapper\">\n\t\t\t\t\t\t\t\t\t<span class=\"elementor-button-text\">Plus d'infos<\/span>\n\t\t\t\t\t<\/span>\n\t\t\t\t\t<\/a>\n\t\t\t\t\t\t\t\t<\/div>\n\t\t\t\t<\/div>\n\t\t\t\t\t<\/div>\n\t\t\t\t<\/div>\n\t\t\t\t<\/div>\n\t\t","protected":false},"excerpt":{"rendered":"<p>Techniques de soins Reiki Usui Le reiki est une technique th\u00e9rapeutique d&rsquo;origine japonaise bas\u00e9e sur la transmission d&rsquo;\u00e9nergie par imposition [&hellip;]<\/p>\n","protected":false},"author":1,"featured_media":0,"parent":0,"menu_order":0,"comment_status":"closed","ping_status":"closed","template":"","meta":{"site-sidebar-layout":"no-sidebar","site-content-layout":"","ast-site-content-layout":"full-width-container","site-content-style":"default","site-sidebar-style":"default","ast-global-header-display":"","ast-banner-title-visibility":"","ast-main-header-display":"","ast-hfb-above-header-display":"","ast-hfb-below-header-display":"","ast-hfb-mobile-header-display":"","site-post-title":"disabled","ast-breadcrumbs-content":"","ast-featured-img":"disabled","footer-sml-layout":"","ast-disable-related-posts":"","theme-transparent-header-meta":"","adv-header-id-meta":"","stick-header-meta":"","header-above-stick-meta":"","header-main-stick-meta":"","header-below-stick-meta":"","astra-migrate-meta-layouts":"default","ast-page-background-enabled":"default","ast-page-background-meta":{"desktop":{"background-color":"var(--ast-global-color-5)","background-image":"","background-repeat":"repeat","background-position":"center center","background-size":"auto","background-attachment":"scroll","background-type":"","background-media":"","overlay-type":"","overlay-color":"","overlay-opacity":"","overlay-gradient":""},"tablet":{"background-color":"","background-image":"","background-repeat":"repeat","background-position":"center center","background-size":"auto","background-attachment":"scroll","background-type":"","background-media":"","overlay-type":"","overlay-color":"","overlay-opacity":"","overlay-gradient":""},"mobile":{"background-color":"","background-image":"","background-repeat":"repeat","background-position":"center center","background-size":"auto","background-attachment":"scroll","background-type":"","background-media":"","overlay-type":"","overlay-color":"","overlay-opacity":"","overlay-gradient":""}},"ast-content-background-meta":{"desktop":{"background-color":"var(--ast-global-color-4)","background-image":"","background-repeat":"repeat","background-position":"center center","background-size":"auto","background-attachment":"scroll","background-type":"","background-media":"","overlay-type":"","overlay-color":"","overlay-opacity":"","overlay-gradient":""},"tablet":{"background-color":"var(--ast-global-color-4)","background-image":"","background-repeat":"repeat","background-position":"center center","background-size":"auto","background-attachment":"scroll","background-type":"","background-media":"","overlay-type":"","overlay-color":"","overlay-opacity":"","overlay-gradient":""},"mobile":{"background-color":"var(--ast-global-color-4)","background-image":"","background-repeat":"repeat","background-position":"center center","background-size":"auto","background-attachment":"scroll","background-type":"","background-media":"","overlay-type":"","overlay-color":"","overlay-opacity":"","overlay-gradient":""}},"footnotes":""},"class_list":["post-91","page","type-page","status-publish","hentry"],"_links":{"self":[{"href":"https:\/\/bio-etre-energetique.fr\/index.php\/wp-json\/wp\/v2\/pages\/91","targetHints":{"allow":["GET"]}}],"collection":[{"href":"https:\/\/bio-etre-energetique.fr\/index.php\/wp-json\/wp\/v2\/pages"}],"about":[{"href":"https:\/\/bio-etre-energetique.fr\/index.php\/wp-json\/wp\/v2\/types\/page"}],"author":[{"embeddable":true,"href":"https:\/\/bio-etre-energetique.fr\/index.php\/wp-json\/wp\/v2\/users\/1"}],"replies":[{"embeddable":true,"href":"https:\/\/bio-etre-energetique.fr\/index.php\/wp-json\/wp\/v2\/comments?post=91"}],"version-history":[{"count":32,"href":"https:\/\/bio-etre-energetique.fr\/index.php\/wp-json\/wp\/v2\/pages\/91\/revisions"}],"predecessor-version":[{"id":448,"href":"https:\/\/bio-etre-energetique.fr\/index.php\/wp-json\/wp\/v2\/pages\/91\/revisions\/448"}],"wp:attachment":[{"href":"https:\/\/bio-etre-energetique.fr\/index.php\/wp-json\/wp\/v2\/media?parent=91"}],"curies":[{"name":"wp","href":"https:\/\/api.w.org\/{rel}","templated":true}]}}